e 3*v - 130 = -2*v. Calculate the highest common factor of i and v.
13
Let u(o) = -o**2 + 12*o + 23. Let n be u(13). Calculate the greatest common factor of n and 15.
5
Let g be (-2)/5 - 4224/(-10). Suppose -8*f + 3*w + g = -3*f, 175 = 2*f + 5*w. Calculate the highest common factor of 17 and f.
17
Let g(m) = 2*m**2 + 3*m. Let b be g(-2). Let a(q) = 4*q**2 - q - 1. Let l be a(-1). Suppose -4*w + 4 = -l. Calculate the highest common divisor of w and b.
2
Suppose 0 = -x + 2*x - 150. Let a be ((-24)/10)/((-3)/x). Calculate the highest common divisor of 15 and a.
15
Let b = -6 + 10. Suppose d = b*d - 6. Suppose -d*u - 2*u - 4*f + 264 = 0, -2*u + 3*f = -127. Calculate the highest common divisor of u and 26.
13
Suppose 2*l - 2*z = -0*z, 3*l = -4*z + 28. Calculate the greatest common factor of l and 28.
4
Let j(c) = -4 + 0 + c**3 - 2 - 2*c + 3*c**2 - c. Let o be j(-3). Let z = 5 + 1. Calculate the highest common divisor of o and z.
3
Let q(r) = -124*r - 5. Let d be q(-2). What is the highest common factor of 27 and d?
27
Suppose 4*c - 7 = l - c, -10 = -5*c. Let s = l + -8. Let y = s - -10. Calculate the highest common factor of 20 and y.
5
Suppose -3*l + l = 0. Suppose 3*v + l*v - 36 = 0. What is the greatest common factor of v and 6?
6
Suppose 5*s = 3*x - 115, 0 = -2*s + s + 1. Calculate the highest common divisor of x and 16.
8
Let w(a) = a**3 + 4*a**2 - 2*a - 6. Let b be w(-4). Let c be b/6 + (-1463)/(-21). Calculate the greatest common divisor of c and 10.
10
Let m(g) = -g**2 - 4*g + 1. Let a be m(-5). Let b be a/(-12) - 28/(-6). Let d be -1 + 5 + -1 + -2. Calculate the highest common divisor of b and d.
1
Let k(y) = 2*y - 6. Let q be k(10). What is the greatest common factor of q and 126?
14
Let w be (70/30)/((-2)/(-12)). Calculate the greatest common factor of 49 and w.
7
Let d be (0/(0 - 3))/2. Suppose d = p - 2 - 6. Let b = 17 + -9. What is the highest common factor of b and p?
8
Let f(k) = 60*k**2 - 2*k - 4. Let r be f(-3). Suppose -74 = -4*v + r. Let a(c) = 2*c + 2. Let s be a(6). What is the greatest common factor of s and v?
14
Let n(d) = d - 3. Let h be n(7). Suppose -6 = -h*j + j. Suppose -j*c + 95 = 23. Calculate the greatest common factor of c and 24.
12
Let p be ((-20)/(-6))/(1/18). Suppose 5*o = 63 + 57. Let i = -12 + o. What is the highest common factor of i and p?
12
Let q(n) = 4*n + 68. Let z be q(5). What is the greatest common divisor of z and 8?
8
Let h = 56 - 47. Calculate the greatest common divisor of h and 3.
3
Suppose 4 = -2*q - q + 2*z, 0 = 3*q + 2*z - 4. Suppose -2*y + q*y = -30. Let i be ((-3)/2)/(1/(-10)). What is the highest common divisor of y and i?
15
Suppose -2*q - 2*q = 0. Suppose 4*p + 12 = -q*i + 2*i, -5*p = 2*i - 21. What is the greatest common factor of 4 and i?
4
Suppose -2*t + 0*r + r + 85 = 0, 0 = -3*t - 3*r + 150. Suppose -t - 15 = -4*o. Calculate the greatest common factor of 60 and o.
15
Let p = -10 - -13. Let s = -15 + 42. Calculate the highest common factor of s and p.
3
Suppose -17 - 7 = -2*g. Let j = -2 - -4. Suppose -g = -j*d + d. Calculate the greatest common factor of d and 84.
12
Suppose 12 = 2*o - 3*v - 12, -48 = -4*o - 4*v. Let j = o - 7. Suppose -7*m + 180 = -3*m - 3*c, -5*m = c - 225. What is the highest common divisor of j and m?
5
Suppose -s = -3*h + s + 17, 5*s = 4*h - 32. Suppose -h*r + 50 = 2*r. Calculate the greatest common divisor of 10 and r.
10
Let d = 41 + -18. What is the greatest common factor of d and 92?
23
Let w(h) = -4*h**2 - 2*h + 3. Let n(q) = -11*q**2 - 6*q + 8. Let a(c) = -3*n(c) + 8*w(c). Let t be a(-4). What is the greatest common factor of t and 12?
4
Suppose -4*t - 4 + 28 = 0. Calculate the highest common factor of t and 54.
6
Let k = -120 + 175. Let p(l) = 2*l - 14. Let c be p(13). Suppose -27 = -3*r - c. What is the highest common factor of k and r?
5
Suppose -3*d + 14 = -16. Suppose 5*q - 162 = 3*n, -4*q - 4*n + 133 = 29. What is the highest common factor of q and d?
10
Let l(b) be the third derivative of -b**4/8 - 7*b**3/3 - 3*b**2. Let n be l(-7). What is the highest common divisor of 49 and n?
7
Suppose -87 = 3*a - 8*a - 2*q, 3*a - 4*q - 47 = 0. Let d be (-3)/(-12) - 10/8. Let j be 1*-2 - (-35 + d). What is the greatest common factor of a and j?
17
Suppose 0 = 10*v - 94 + 34. What is the highest common factor of 18 and v?
6
Suppose -q + 15 = -7. Let k = 25 - q. What is the greatest common divisor of 12 and k?
3
Let f(i) = -9*i + 1. Let p be f(2). Let n = 31 + p. What is the greatest common factor of n and 14?
14
Suppose -4*c + 9*c - 110 = 0. Suppose 2*d - 46 + c = 0. What is the greatest common divisor of d and 48?
12
Suppose -3*q + 24 = 9. Let m(j) = -j**2 + 9*j + 2. Let v be m(9). Let x be 2*(-1)/v - -16. What is the greatest common factor of q and x?
5
Let u(z) = z**3 + 2*z**2 + 1. Let p be u(-2). Suppose -3*d = -p - 11. Calculate the greatest common factor of 4 and d.
4
Suppose 0 = -y + 5*t + 4 - 1, 2*y + 5*t = 21. Suppose -h + 144 = h. What is the highest common factor of h and y?
8
Let i = 70 + -14. Let l(k) = k + 7. Let q be l(0). Calculate the highest common factor of q and i.
7
Let o = 7 - 9. Let i be o + (126/2 - -2). What is the highest common factor of 9 and i?
9
Let d = 215 - 188. Let u(m) = -10*m + 1. Let k be u(-8). Calculate the highest common factor of d and k.
27
Suppose 0*o - o + 364 = 0. Suppose 0*b + 4*z = -b + 88, 5*b + z = o. Calculate the greatest common divisor of b and 8.
8
Suppose -4*y - 12 = -4*w, 5*y + 7 = -2*w + 5*w. What is the greatest common factor of w and 36?
4
Suppose d - 55 = -4*d. Suppose -k = -7*k + 66. What is the greatest common factor of k and d?
11
Let v be (4/(-8))/((-1)/4). Calculate the greatest common factor of v and 5.
1
Suppose 5*a - a + 2*n - 4 = 0, 5*a = -4*n + 2. Let q(f) = 10*f + 4. Let g be q(a). Calculate the highest common factor of 60 and g.
12
Let t(p) = -p - 15. Let c(f) = -1. Let b(w) = 6*c(w) - t(w). Let s be b(-6). Suppose s*l - 34 = 17. What is the greatest common divisor of l and 34?
17
Suppose -3*w + 55 = 2*w. Suppose -w = -q + 2. Let t = 18 - q. Calculate the greatest common factor of t and 45.
5
Let l = -242 + -44. Let w be (-2)/(290/l + 1). Let k be 25/2 + (-2)/(-4). What is the highest common divisor of w and k?
13
Suppose -42 = -3*j + 3*u, -2*j = -0*u - 4*u - 18. Suppose 0 = -3*b + 264 + 363. What is the highest common factor of j and b?
19
Suppose 0 = 5*r - 3*z - 203, 0*z = -5*z - 5. Suppose -4*u + 95 = -57. Let f = u + -22. Calculate the greatest common factor of f and r.
8
Let i(a) = 16*a + 2. Let w be i(-2). Let t = 50 + w. Calculate the highest common factor of t and 30.
10
Suppose 4*h - 170 = -s, s - 85 = -2*h + 1. Let v be (-2)/(-4) + (-162)/(-12). What is the greatest common factor of v and h?
14
Suppose 6 = -5*i - 3*z, -i = i + 4*z + 8. Let g be 1 - i - (-146 - -3). Calculate the greatest common divisor of g and 18.
18
Let k be -1 + 4/(-5) + (-196)/(-20). What is the highest common factor of 24 and k?
8
Let f = 7 - 5. Suppose -s + 7 = f*s - t, t + 9 = 4*s. What is the greatest common divisor of 6 and s?
2
Suppose 4*w - 2*w = 8, 14 = y + 3*w. Calculate the highest common divisor of y and 2.
2
Let v = -9 - -23. Let x be -1 + v*(-7)/(-2). Calculate the greatest common factor of x and 32.
16
Let p(j) be the second derivative of 2*j + 4/3*j**3 - j**2 + 1/6*j**4 + 0. Let g be p(-6). Calculate the greatest common divisor of g and 55.
11
Let r(n) = n**3 + 6*n**2 - 4*n + 10. Let y be r(-6). What is the highest common divisor of 374 and y?
34
Let q be -3*-10*(-5)/(-3). Calculate the highest common factor of 10 and q.
10
Let b = -4 + 6. Let l = b + 0. Let w be 3/((-43)/(-21) - l). What is the greatest common factor of 21 and w?
21
Let r be -2 - (-2)/2 - -100. Let t be (-1)/(r/51 - 2). What is the greatest common divisor of t and 187?
17
Let w be (-197)/(-6) - 7/(-42). What is the highest common divisor of 3 and w?
3
Let i(v) = -v. Let l(r) = 5*r - 3. Let x(s) = 5*i(s) - l(s). Let f be x(-6). Calculate the greatest common factor of f and 7.
7
Let d = 9 + -5. What is the highest common factor of 16 and d?
4
Suppose -2*c = -c - 72. What is the greatest common divisor of 48 and c?
24
Suppose 2*l - 15 = -l. What is the highest common divisor of 5 and l?
5
Let y be (-18)/63 - 107/(-7). Suppose -1